inder when 363 is divided by 16?
11
What is the remainder when 1400 is divided by 108?
104
Calculate the remainder when 428 is divided by 46.
14
What is the remainder when 414 is divided by 15?
9
Calculate the remainder when 69 is divided by 7.
6
Calculate the remainder when 97 is divided by 29.
10
Calculate the remainder when 999 is divided by 335.
329
Calculate the remainder when 214 is divided by 55.
49
Calculate the remainder when 725 is divided by 4.
1
What is the remainder when 9666 is divided by 26?
20
Calculate the remainder when 580 is divided by 152.
124
What is the remainder when 250 is divided by 37?
28
Calculate the remainder when 63964 is divided by 55.
54
What is the remainder when 228 is divided by 39?
33
What is the remainder when 216 is divided by 22?
18
Calculate the remainder when 102 is divided by 38.
26
Calculate the remainder when 241 is divided by 35.
31
What is the remainder when 151 is divided by 10?
1
What is the remainder when 540 is divided by 172?
24
What is the remainder when 3389 is divided by 9?
5
What is the remainder when 878 is divided by 88?
86
Calculate the remainder when 229 is divided by 58.
55
What is the remainder when 69 is divided by 27?
15
Calculate the remainder when 123 is divided by 59.
5
Calculate the remainder when 554 is divided by 272.
10
Calculate the remainder when 68 is divided by 5.
3
Calculate the remainder when 12479 is divided by 60.
59
What is the remainder when 782 is divided by 760?
22
Calculate the remainder when 137 is divided by 36.
29
Calculate the remainder when 250 is divided by 43.
35
What is the remainder when 826 is divided by 817?
9
Calculate the remainder when 1946 is divided by 484.
10
Calculate the remainder when 1264 is divided by 241.
59
Calculate the remainder when 191 is divided by 8.
7
What is the remainder when 3823 is divided by 62?
41
Calculate the remainder when 200 is divided by 99.
2
Calculate the remainder when 176 is divided by 13.
7
What is the remainder when 1581 is divided by 6?
3
What is the remainder when 228 is divided by 60?
48
What is the remainder when 3287 is divided by 3282?
5
Calculate the remainder when 34038 is divided by 10.
8
Calculate the remainder when 4990 is divided by 14.
6
Calculate the remainder when 1503 is divided by 43.
41
What is the remainder when 73 is divided by 21?
10
What is the remainder when 410 is divided by 86?
66
Calculate the remainder when 2335 is divided by 41.
39
What is the remainder when 1454 is divided by 8?
6
What is the remainder when 250 is divided by 126?
124
Calculate the remainder when 327 is divided by 4.
3
Calculate the remainder when 56 is divided by 32.
24
Calculate the remainder when 465 is divided by 67.
63
Calculate the remainder when 18 is divided by 15.
3
What is the remainder when 140 is divided by 75?
65
Calculate the remainder when 564 is divided by 15.
9
What is the remainder when 185 is divided by 21?
17
Calculate the remainder when 673 is divided by 15.
13
Calculate the remainder when 156 is divided by 4.
0
What is the remainder when 150 is divided by 31?
26
What is the remainder when 76 is divided by 25?
1
Calculate the remainder when 127 is divided by 33.
28
What is the remainder when 137 is divided by 17?
1
What is the remainder when 264 is divided by 92?
80
Calculate the remainder when 18 is divided by 13.
5
What is the remainder when 578 is divided by 29?
27
What is the remainder when 957 is divided by 40?
37
What is the remainder when 389 is divided by 30?
29
Calculate the remainder when 283 is divided by 153.
130
What is the remainder when 5634 is divided by 49?
48
Calculate the remainder when 402 is divided by 13.
12
Calculate the remainder when 389 is divided by 187.
15
Calculate the remainder when 175 is divided by 8.
7
Calculate the remainder when 284 is divided by 39.
11
What is the remainder when 7682 is divided by 39?
38
Calculate the remainder when 1116 is divided by 126.
108
Calculate the remainder when 430 is divided by 16.
14
What is the remainder when 297 is divided by 161?
136
What is the remainder when 143 is divided by 76?
67
What is the remainder when 310 is divided by 35?
30
What is the remainder when 71 is divided by 49?
22
Calculate the remainder when 138 is divided by 21.
12
Calculate the remainder when 460 is divided by 76.
4
Calculate the remainder when 78 is divided by 35.
8
Calculate the remainder when 2540 is divided by 48.
44
What is the remainder when 844 is divided by 11?
8
Calculate the remainder when 958 is divided by 139.
124
Calculate the remainder when 1371 is divided by 19.
3
Calculate the remainder when 23 is divided by 5.
3
What is the remainder when 49 is divided by 28?
21
Calculate the remainder when 1170 is divided by 51.
48
What is the remainder when 311 is divided by 43?
10
Calculate the remainder when 75 is divided by 16.
11
What is the remainder when 891 is divided by 35?
16
Calculate the remainder when 289 is divided by 37.
30
What is the remainder when 137 is divided by 63?
11
What is the remainder when 177 is divided by 9?
6
What is the remainder when 401 is divided by 182?
37
What is the remainder when 2000 is divided by 26?
24
Calculate the remainder when 9831 is divided by 20.
11
Calculate the remainder when 3442 is divided by 132.
10
What is the remainder when 56 is divided by 15?
11
What is the remainder when 9763 is divided by 1951?
8
What is the remainder when 3260 is divided by 7?
5
What is the remainder when 122 is divided by 26?
18
Calculate the remainder when 83 is divided by 55.
28
Calculate the remainder when 950 is divided by 6.
2
Calculate the remainder when 199 is divided by 15.
4
Calculate the remainder when 59 is divided by 8.
3
Calculate the remainder when 214 is divided by 77.
60
Calculate the remainder when 2074 is divided by 45.
4
What is the remainder when 8261 is divided by 19?
15
Calculate the remainder when 21 is divided by 13.
8
Calculate the remainder when 70 is divided by 22.
4
What is the remainder when 1844 is divided by 50?
44
Calculate the remainder when 535 is divided by 92.
75
What is the remainder when 292 is divided by 49?
47
Calculate the remainder when 138 is divided by 14.
12
What is the remainder when 129 is divided by 6?
3
What is the remainder when 27 is divided by 7?
6
What is the remainder when 10618 is divided by 36?
34
Calculate the remainder when 253 is divided by 35.
8
What is the remainder when 168 is divided by 35?
28
What is the remainder when 351 is divided by 59?
56
Calculate the remainder when 110 is divided by 40.
30
What is the remainder when 450 is divided by 57?
51
What is the remainder when 588 is divided by 37?
33
What is the remainder when 262 is divided by 73?
43
Calculate the remainder when 28259 is divided by 18.
17
What is the remainder when 47 is divided by 29?
18
Calculate the remainder when 7653 is divided by 178.
177
What is the remainder when 225 is divided by 38?
35
Calculate the remainder when 1560 is divided by 46.
42
Calculate the remainder when 679 is divided by 136.
135
Calculate the remainder when 41513 is divided by 97.
94
What is the remainder when 2151 is divided by 201?
141
What is the remainder when 217 is divided by 98?
21
Calculate the remainder when 29355 is divided by 82.
81
Calculate the remainder when 86 is divided by 38.
10
What is the remainder when 221 is divided by 32?
29
What is the remainder when 571 is divided by 96?
91
What is the remainder when 32 is divided by 10?
2
What is the remainder when 11622 is divided by 25?
22
Calculate the remainder when 155 is divided by 84.
71
What is the remainder when 498 is divided by 17?
5
Calculate the remainder when 436 is divided by 83.
21
What is the remainder when 1759 is divided by 40?
39
What is the remainder when 64 is divided by 23?
18
Calculate the remainder when 598 is divided by 199.
1
Calculate the remainder when 1069 is divided by 51.
49
What is the remainder when 7677 is divided by 24?
21
What is the remainder when 809 is divided by 269?
2
What is the remainder when 260 is divided by 91?
78
Calculate the remainder when 477 is divided by 40.
37
Calculate the remainder when 891 is divided by 8.
3
Calculate the remainder when 125 is divided by 34.
23
Calculate the remainder when 822 is divided b